t u(x) = w*t(x) - v(x). Determine u(-2).
3
Let y(r) be the second derivative of r**5/20 + r**4/2 + r**3/6 + 2*r**2 + 3*r. Determine y(-6).
-2
Let f(v) be the first derivative of -2*v**3/3 + v**2/2 - v + 4. Determine f(2).
-7
Let k(u) = 3*u - 1. Suppose 5*b = -0*b + 25. Let t be 7/b + (-2)/5. Suppose 1 = -l - t. What is k(l)?
-7
Let m(z) = 3*z**2 - 4 - 2*z - 3*z - 4*z**2. What is m(-4)?
0
Let y be 53/(-11) - (-12)/(-66). Let l = 7 - 5. Let d(i) = i - 4*i + 6*i**l + i**3 + 7*i. Determine d(y).
5
Let r(c) be the second derivative of -c**3/3 + c. Suppose -4*g + 3*v = -1, g - 2*v - 1 = -2. What is r(g)?
-2
Suppose -2*z + 26 = -0*z. Let v(n) = n - 11. Calculate v(z).
2
Let p = -31 - -29. Let a = 9 - 6. Let l(u) = -1 + u - 2*u + u**3 + 0*u**3 + a*u**2. What is l(p)?
5
Let l(y) = y**3 - 7*y**2 - y + 6. Let u be l(7). Let j = -2 - u. Let g(i) = 2*i**2 + 1. Give g(j).
3
Suppose -1 = 4*a - 21. Let r(g) = -2*g + 7 + 3 - 3. Give r(a).
-3
Let l(v) be the second derivative of 7*v**3/3 + 13*v. What is l(1)?
14
Let h(f) = 4 - 6*f**2 + 0 + f - 1 - 4*f**3. Let c(w) be the first derivative of -5*w**4/4 - 7*w**3/3 + w**2/2 + 3*w + 1. Let b(s) = 5*c(s) - 6*h(s). Give b(0).
-3
Let o = 15 + -9. Let f = 0 - o. Let i(t) = -t**3 - 6*t**2 - 5. Calculate i(f).
-5
Let s(r) = r - r**3 + 4 - 4*r**2 - r**3 + r**3. Let d be s(-4). Suppose d = -3*k + 8*k - 10. Let z(w) = -w - 1. Determine z(k).
-3
Suppose -4*q + f = 34, 4*f - 48 = 3*q - 16. Let c(w) = w**3 + 7*w**2 - 8*w + 8. What is c(q)?
8
Let k(g) = g**3 - 3*g**2 - 2*g - 4. Let u(b) = -4*b**3 - 4*b**2 - 3*b - 2. Let i be u(-2). Suppose a - 6*a + i = 0. What is k(a)?
4
Suppose 0 = -10*a + 5*a + 25. Suppose -o = -a*p - 6, 5*p - 4*p + 5*o = 4. Let c(b) = 3 - 2 - 7*b + 0. Determine c(p).
8
Let r(d) = 11*d**2 + 9*d. Let x = -24 - -33. Let g(m) = -5*m**2 - 4*m. Suppose 5*u - 15 - 5 = 0. Let a(f) = u*r(f) + x*g(f). Give a(1).
-1
Let s(d) = 20*d**2 + 62*d - 61*d - 17*d**2. Let l = -2 + 0. Calculate s(l).
10
Let l(q) = 2*q**2 + 13*q - 9. Let k(n) = 3*n**2 + 14*n - 9. Let v(y) = -3*k(y) + 4*l(y). Determine v(8).
7
Let l(x) = -1 - 3*x - x + 3*x. Let g be (12/(-10))/(6/(-20)). Let b(v) = 2*v - 6. Let d be b(g). Give l(d).
-3
Let v(y) be the first derivative of -3 - y**3 + 1/4*y**4 - 5/2*y**2 + 4*y. Give v(4).
0
Let c(d) = -d**3 - d**2 + 4*d - 1. Let q(s) = s**3 - 10*s**2 + 8*s + 6. Let f be q(9). Give c(f).
5
Let w(o) be the second derivative of 2*o**3/3 - 2*o**2 - 4*o. What is w(5)?
16
Let v(a) = a**3 - a**2 - 2*a - 4. Let n(s) be the third derivative of -s**6/120 - 11*s**5/60 - s**4/24 - 4*s**3/3 + 3*s**2. Let j be n(-11). Give v(j).
8
Let g(t) = t**3 + 5*t**2 - 5*t - 7. Suppose -2*v - 5 = -v. Give g(v).
18
Let z(x) be the third derivative of x**4/8 - x**3/6 + x**2. Let o(c) = 2*c**3 - c + 2. Let r be o(2). Let s = 20 - r. Give z(s).
11
Let q(d) = -27*d - 9. Let g(k) = -14*k - 5. Let s(u) = 7*g(u) - 4*q(u). Let t be 9/4*(-10 + 2). Let f be t/14 - (-2)/7. Calculate s(f).
-9
Let o(z) = -z + 4. Let c = 8 - 12. Suppose -11*g = -6*g - 10. Let i be (g + 2 + c)/(-2). What is o(i)?
4
Let a be 1/((3/(-12))/1). Let k = -2 + 6. Let w(s) = -6*s - 4 + k*s**2 + 2*s**2 - 7*s**2. Give w(a).
4
Let g(w) = -2*w - 12 - w**2 + w + 13. Let a(o) = -3*o**3 + 2*o**2 - 1. Suppose r - 2 = -1. Let v be a(r). What is g(v)?
-1
Suppose 26 = 4*y - 14. Let q(n) = -y - n + 6 + 4. Let g(l) = 4*l - 5. Let m(i) = -g(i) - 5*q(i). Calculate m(-7).
-2
Let w(h) = -2 - 2 - 4*h + 0 + h. Determine w(-4).
8
Let i(u) = u**3 - u**2 - u + 6. Let b(r) = 2*r**3 - 2*r**2 - 3*r + 13. Let m(x) = -2*b(x) + 5*i(x). Let t = -4 - -4. Give m(t).
4
Let t(y) = -y - 11. Let k be t(-14). Let x(n) = -2*n**2 + n - n**k - 2 + 4 + 2*n**2. Let u = -1 + 3. What is x(u)?
-4
Let f(b) = -5*b**2 - 2*b + 4. Let x(r) be the second derivative of 0 + 1/2*r**4 - 5/2*r**2 - r + 1/2*r**3. Let w(z) = 7*f(z) + 6*x(z). Calculate w(-5).
3
Let b(c) = 0*c - 5 + 2 + c. Let n be b(0). Let z(d) be the third derivative of -d**5/60 - d**4/6 + d**3/6 - 2*d**2. Determine z(n).
4
Let z(h) = -3*h**3 + h**2 + 3*h + 2. Let f(d) = -d**3 + d + 1. Let y = -5 + 1. Let a(o) = y*f(o) + z(o). Give a(0).
-2
Let k(q) = -q + 9. Suppose -11*o - 9 = -12*o. Determine k(o).
0
Let z = 7 - 5. Suppose -z = -2*f + 3*l, 4*f - 2 = 2*l + 2. Let y(h) = 6*h**3 + h. Give y(f).
7
Let x(n) = -n**3 - 3*n**2 - 3*n - 4. Let j = 14 - -8. Let f be j/(-33)*18/4. Calculate x(f).
5
Let i(w) = -w + 3. Let r be i(3). Let k(v) = -v**2 + v + 8. What is k(r)?
8
Let x be (-2)/9 - (-94)/18. Let y(d) = -6*d**2 + 11*d - 3. Let f(c) = -5*c**2 + 10*c - 3. Let u(i) = 5*f(i) - 4*y(i). Determine u(x).
2
Let q = -2 - -3. Let m(u) = -u**3 - 4*u**2 + 6*u + 1. Let d be m(-5). Let b(x) = x + 1. Let r(h) = -h**2 - 4*h - 4. Let y(v) = d*b(v) - r(v). Determine y(q).
1
Suppose 5*p = 2*p - 3. Let o(a) = -3*a**2 + a. Calculate o(p).
-4
Let j(h) = -2*h**2 + 4*h - 4. Let k = -27 + 30. What is j(k)?
-10
Let b(u) = -u**2 + u - 2. Let w be 0/(-1*(2 - 3)). Suppose 3*a + 2*a = w. Give b(a).
-2
Let b(n) = 6*n**3 + 2*n - 1. Let p be (-3)/18 - 28/(-24). Determine b(p).
7
Let n(m) be the second derivative of m + 2*m**2 - 1/6*m**3 + 0 - 1/3*m**4 - 1/20*m**5. What is n(-3)?
-2
Let m(k) = -k**2 - 5*k - 4. Let v = -6 - -10. Suppose 4*n - 2*n + v*f = 2, 3*n - 3*f + 15 = 0. What is m(n)?
2
Let i(l) = 4*l**3 - l**2 + l - 1. Let q be i(1). Let k be (8/2)/(-1 + q). Let b(g) = 0 - g**k + 2 - 2 - 2 + 2*g. Determine b(3).
-5
Let y(r) = -6*r**2 + r + 6. Let v(k) = -7*k**2 + k + 7. Let m(l) = -5*v(l) + 6*y(l). Suppose -1 = 4*u - 17, 4*h + 8 = 4*u. Determine m(h).
-1
Let q(h) be the second derivative of -h**5/20 - h**4/6 + h**3/2 + h**2 - 6*h. Calculate q(-3).
2
Suppose 2*a + 4*c = 7*a - 20, 4*c = a - 4. Let k(w) = w**3 - 6*w**2 + 6*w - 2. Give k(a).
-10
Let b = 13 - 11. Let a(o) = -6*o + 2*o**2 + o**3 - 8*o**2 - 1 + 10*o**b. Give a(-5).
4
Let i = 4 + -8. Let y(k) be the second derivative of 1/3*k**3 - k - 3/2*k**2 + 1/12*k**4 + 0. Determine y(i).
5
Let s(t) = -t**2 - t + 1. Suppose -2*o + k = -2, 4*k - 1 = 5*o - 6. Calculate s(o).
-1
Let p(z) = z**3 - 8*z**2 - 9*z - 4. Let m be 3 + 5 + (-5)/(-5). Give p(m).
-4
Let l(m) = 7*m**3 + 2*m**2 + m. Let o = 30 + -31. Calculate l(o).
-6
Let r = -9 - -3. Let g(p) = -4*p**2 - 4*p. Let c(d) = 9*d**2 + 7*d + 1. Let h(u) = -3*c(u) - 7*g(u). Let j(x) be the first derivative of h(x). What is j(r)?
-5
Let v be (12/(-21))/((-2)/7). Let i(g) = -3*g + 2. Determine i(v).
-4
Suppose -5*s + 64 = -3*p, -2*s + s + p = -12. Let r be 34/(-30) + s/105. Let j(c) = -2*c + 1. Calculate j(r).
3
Let z(n) = n**3 + n - 1. Let u(f) = -f**3 - 12*f**2 + f + 14. Let k be u(-12). Give z(k).
9
Let j = -1 - -4. Suppose j*o - 2*q + q - 4 = 0, 5 = q. Let v(y) = -y**3 - 5*y**2 + 3*y + 1. Let h(k) = -k**3. Let s(d) = -2*h(d) + v(d). Determine s(o).
-8
Suppose 2*i + 10 = 5*o - 3*i, o - 7 = 2*i. Let k(j) = j**2 - 2*j - 3. Calculate k(o).
12
Let t = 66 + -63. Let r(f) = f - 4. Give r(t).
-1
Suppose -4*c = -o, -4 = 3*o - o - 4*c. Let p(s) = -s - 8. Let z(m) = m + 7. Let h(r) = -2*p(r) - 3*z(r). Calculate h(o).
-1
Let o be 3 + -2 + 6/(-1). Let b(w) = -w**3 - 5*w**2 + 3. Determine b(o).
3
Let j(y) be the third derivative of y**6/120 - 2*y**5/15 + y**4/3 - 5*y**3/3 + 11*y**2. Determine j(7).
-3
Let v(x) be the second derivative of x**4/12 + x**2 - 13*x. Determine v(3).
11
Suppose 0 = -12*r + 8*r - 24. Let j(u) = -u + 2. Determine j(r).
8
Suppose -y - 3*f + 3 - 5 = 0, -4*f = 8. Let g(l) be the third derivative of 0*l - 5*l**2 + 1/8*l**4 + 0 - 1/2*l**3 - 1/60*l**5. Determine g(y).
-7
Let b(h) = -h - 10. Let u be b(-5). Let n(c) = -5*c + 2*c - 2 - 1 - 2. Give n(u).
10
Let f(o) be the third derivative of -o**5/60 - o**4/6 - o**3/2 - 37*o**2. Give f(-3).
0
Let t(l) be the first derivative of l**2/2 - 5*l + 3. Let o be t(0). Let f(z) = 4*z - 3 - 5*z - z**2 - 3*z. Give f(o).
-8
Let i(o) be the second derivative of 0*o**2 + 0*o**4 - 1/3*o**3 - o + 0 + 1/40*o**5. Let l(j) be the second derivative of i(j). Give l(-2).
-6
Let c(k) = 2*k. Let y be 16/(-10)*(-125)/10. Let f be 104/y - (-2)/(-10). Let d(n) = -n**3 + 4*n**2 + 5*n - 1. Let m be d(f). Give c(m).
-2
Let o = 3 - 7. Let d be o/14 + (-37)/(-7). Let m(i) = 2*i - 7. What is m(d)?
3
Let z(a) = a + 8*a - 3*a. What is z(-1)?
-6
Let t(l) = l + 3. Let q be t(0). Let p(